{"id":6932,"date":"2025-10-01T17:53:03","date_gmt":"2025-10-01T15:53:03","guid":{"rendered":"https:\/\/www.civare-navigation.com\/?page_id=6932"},"modified":"2025-10-01T17:57:24","modified_gmt":"2025-10-01T15:57:24","slug":"mon-passeport-pour-la-vie-active-le-guide-indispensable-pour-maitriser-son-argent-sa-carriere-sa-sante-et-ses-droits","status":"publish","type":"page","link":"https:\/\/www.civare-navigation.com\/index.php\/mon-passeport-pour-la-vie-active-le-guide-indispensable-pour-maitriser-son-argent-sa-carriere-sa-sante-et-ses-droits\/","title":{"rendered":"MON PASSEPORT POUR LA VIE ACTIVE : Le guide indispensable pour ma\u00eetriser son argent, sa carri\u00e8re, sa sant\u00e9 et ses droits"},"content":{"rendered":"\n<div class=\"wp-block-columns is-layout-flex wp-container-core-columns-is-layout-9d6595d7 wp-block-columns-is-layout-flex\">\n<div class=\"wp-block-column is-vertically-aligned-center is-layout-flow wp-block-column-is-layout-flow\" style=\"flex-basis:34%\">\n<figure class=\"wp-block-image size-large\"><img loading=\"lazy\" decoding=\"async\" width=\"753\" height=\"1024\" src=\"https:\/\/www.civare-navigation.com\/wp-content\/uploads\/2025\/10\/Design-sans-titre-32-753x1024.png\" alt=\"\" class=\"wp-image-6926\" srcset=\"https:\/\/www.civare-navigation.com\/wp-content\/uploads\/2025\/10\/Design-sans-titre-32-753x1024.png 753w, https:\/\/www.civare-navigation.com\/wp-content\/uploads\/2025\/10\/Design-sans-titre-32-221x300.png 221w, https:\/\/www.civare-navigation.com\/wp-content\/uploads\/2025\/10\/Design-sans-titre-32-768x1045.png 768w, https:\/\/www.civare-navigation.com\/wp-content\/uploads\/2025\/10\/Design-sans-titre-32.png 794w\" sizes=\"auto, (max-width: 753px) 100vw, 753px\" \/><\/figure>\n<\/div>\n\n\n\n<div class=\"wp-block-column hide-sm is-layout-flow wp-block-column-is-layout-flow\" style=\"flex-basis:2%\"><\/div>\n\n\n\n<div class=\"wp-block-column is-layout-flow wp-block-column-is-layout-flow\" style=\"flex-basis:64%\">\n<div class=\"wp-block-group is-nowrap is-layout-flex wp-container-core-group-is-layout-ad2f72ca wp-block-group-is-layout-flex\">\n<div class=\"wp-block-group is-nowrap is-layout-flex wp-container-core-group-is-layout-ad2f72ca wp-block-group-is-layout-flex\">\n<figure class=\"wp-block-image size-full is-resized\"><img loading=\"lazy\" decoding=\"async\" width=\"100\" height=\"100\" src=\"https:\/\/www.civare-navigation.com\/wp-content\/uploads\/2025\/06\/cash-stack.png\" alt=\"\" class=\"wp-image-4629\" style=\"width:24px\"\/><\/figure>\n\n\n\n<p class=\"has-medium-font-size\">5.000 FCFA<\/p>\n<\/div>\n\n\n\n<div style=\"height:100px;width:0px\" aria-hidden=\"true\" class=\"wp-block-spacer show-sm wp-container-content-c42f3963\"><\/div>\n\n\n\n<div style=\"height:100px;width:0px\" aria-hidden=\"true\" class=\"wp-block-spacer hide-sm wp-container-content-fd3097a4\"><\/div>\n\n\n\n<div class=\"wp-block-group is-nowrap is-layout-flex wp-container-core-group-is-layout-ad2f72ca wp-block-group-is-layout-flex\">\n<figure class=\"wp-block-image size-full is-resized\"><img loading=\"lazy\" decoding=\"async\" width=\"100\" height=\"100\" src=\"https:\/\/www.civare-navigation.com\/wp-content\/uploads\/2025\/06\/tag-fill.png\" alt=\"\" class=\"wp-image-4630\" style=\"width:24px\"\/><\/figure>\n\n\n\n<p class=\"has-medium-font-size\">100 pages<\/p>\n<\/div>\n<\/div>\n\n\n\n<div class=\"wp-block-group is-nowrap is-layout-flex wp-container-core-group-is-layout-ad2f72ca wp-block-group-is-layout-flex\">\n<div class=\"wp-block-buttons is-layout-flex wp-block-buttons-is-layout-flex\">\n<div class=\"wp-block-button\"><a class=\"wp-block-button__link has-white-color has-text-color has-background has-link-color wp-element-button\" href=\"https:\/\/www.civare-navigation.com\/index.php\/programme-a-domicile-pour-linsertion-a-la-vie-active-p-ediva\/\" style=\"background-color:#353535\">D\u00e9couvrez le Programme EDIVA affili\u00e9 \u00e0 ce livre<\/a><\/div>\n<\/div>\n\n\n\n<div style=\"height:100px;width:0px\" aria-hidden=\"true\" class=\"wp-block-spacer wp-container-content-af3d81f1\"><\/div>\n\n\n\n<div class=\"wp-block-buttons is-layout-flex wp-block-buttons-is-layout-flex\">\n<div class=\"wp-block-button\"><a class=\"wp-block-button__link has-white-color has-text-color has-link-color wp-element-button\" href=\"https:\/\/wa.me\/69885537?text=Bonjour,%20je%20souhaite%20acheter%20le%20 livre%20MON%20PASSEPORT%20POUR%20LA%20VIE%20ACTIVE.\" target=\"_blank\" rel=\"noopener\"><img loading=\"lazy\" decoding=\"async\" width=\"20\" height=\"20\" class=\"wp-image-4836\" style=\"width: 20px;\" src=\"https:\/\/www.civare-navigation.com\/wp-content\/uploads\/2025\/07\/Telephone-2.png\" alt=\"\">  Acheter le livre<\/a><\/div>\n<\/div>\n<\/div>\n\n\n\n<div style=\"height:48px\" aria-hidden=\"true\" class=\"wp-block-spacer\"><\/div>\n\n\n\n<h2 class=\"wp-block-heading has-medium-font-size\">Avant-propos<\/h2>\n\n\n\n<p>La vie est un voyage. Un voyage o\u00f9 chacun, t\u00f4t ou tard, se retrouve face \u00e0 des choix d\u00e9cisifs : que faire de son argent, comment b\u00e2tir sa carri\u00e8re, pr\u00e9server sa sant\u00e9, g\u00e9rer ses relations, d\u00e9fendre ses droits, et finalement laisser une trace positive dans le monde.<br>Pourtant, beaucoup avancent sans carte, sans boussole, et parfois m\u00eame sans savoir qu\u2019il existe des rep\u00e8res fiables pour guider leurs pas.<\/p>\n\n\n\n<p>Ce livre est n\u00e9 d\u2019une conviction simple : <strong>chaque individu m\u00e9rite un passeport pratique pour la vie active<\/strong>. Un outil qui ne se limite pas \u00e0 de la th\u00e9orie, mais qui fournit des cl\u00e9s concr\u00e8tes pour affronter les d\u00e9fis du quotidien, \u00e0 chaque \u00e9tape de l\u2019existence. D\u00e8s l\u2019enfance, nous absorbons comme des \u00e9ponges. \u00c0 l\u2019adolescence, nous cherchons notre identit\u00e9 et testons nos limites. \u00c0 l\u2019\u00e2ge adulte, nous b\u00e2tissons notre avenir, et dans la maturit\u00e9, nous savourons et transmettons.<\/p>\n<\/div>\n<\/div>\n\n\n\n<div style=\"height:24px\" aria-hidden=\"true\" class=\"wp-block-spacer show-sm\"><\/div>\n\n\n\n<div style=\"height:48px\" aria-hidden=\"true\" class=\"wp-block-spacer hide-sm\"><\/div>\n\n\n\n<p>Ce cycle est universel, mais la r\u00e9ussite d\u00e9pend de notre capacit\u00e9 \u00e0 acqu\u00e9rir, appliquer et transmettre des savoirs essentiels.<\/p>\n\n\n\n<p>Cet ouvrage est donc con\u00e7u comme un <strong>guide accessible, progressif et pratique<\/strong> :<\/p>\n\n\n\n<ul class=\"wp-block-list\">\n<li>Accessible, car il s\u2019adresse autant aux jeunes qui d\u00e9butent qu\u2019aux adultes en qu\u00eate d\u2019orientation.<\/li>\n\n\n\n<li>Progressif, car il suit le fil des \u00e2ges de la vie.<\/li>\n\n\n\n<li>Pratique, car chaque chapitre se termine par des outils concrets : tableaux, check-lists, sch\u00e9mas, mod\u00e8les et activit\u00e9s.<\/li>\n<\/ul>\n\n\n\n<p>Tu d\u00e9couvriras dans ces pages non seulement des connaissances, mais aussi des <strong>m\u00e9thodes pour agir<\/strong> : comment \u00e9tablir un budget, lancer une id\u00e9e d\u2019entreprise, reconna\u00eetre une relation saine, prot\u00e9ger l\u2019environnement, ou encore d\u00e9fendre tes droits de citoyen.<\/p>\n\n\n\n<p>Ce livre est ton compagnon de route.<br>Il ne pr\u00e9tend pas remplacer l\u2019exp\u00e9rience, mais il t\u2019aidera \u00e0 la pr\u00e9parer et \u00e0 l\u2019enrichir.<br>Il ne te donnera pas toutes les r\u00e9ponses, mais il t\u2019offrira les <strong>bonnes questions \u00e0 poser<\/strong> et les <strong>bons r\u00e9flexes \u00e0 adopter<\/strong>.<\/p>\n\n\n\n<p>Je t\u2019invite donc \u00e0 l\u2019ouvrir avec curiosit\u00e9, \u00e0 le parcourir avec attention, et surtout \u00e0 le mettre en pratique. Car la vraie richesse de ce livre ne r\u00e9side pas dans ses pages, mais dans la mani\u00e8re dont tu l\u2019utiliseras pour \u00e9crire ton propre parcours. Que ce passeport soit pour toi un tremplin vers l\u2019ind\u00e9pendance, la s\u00e9r\u00e9nit\u00e9 et la r\u00e9ussite.<\/p>\n","protected":false},"excerpt":{"rendered":"<p>5.000 FCFA 100 pages Avant-propos La vie est un voyage. Un voyage o\u00f9 chacun, t\u00f4t ou tard, se retrouve face \u00e0 des choix d\u00e9cisifs : que faire de son argent, comment b\u00e2tir sa carri\u00e8re, pr\u00e9server sa sant\u00e9, g\u00e9rer ses relations, d\u00e9fendre ses droits, et finalement laisser une trace positive dans le monde.Pourtant, beaucoup avancent sans [&hellip;]<\/p>\n","protected":false},"author":1,"featured_media":0,"parent":0,"menu_order":0,"comment_status":"closed","ping_status":"closed","template":"","meta":{"ocean_post_layout":"","ocean_both_sidebars_style":"","ocean_both_sidebars_content_width":0,"ocean_both_sidebars_sidebars_width":0,"ocean_sidebar":"","ocean_second_sidebar":"","ocean_disable_margins":"enable","ocean_add_body_class":"","ocean_shortcode_before_top_bar":"","ocean_shortcode_after_top_bar":"","ocean_shortcode_before_header":"","ocean_shortcode_after_header":"","ocean_has_shortcode":"","ocean_shortcode_after_title":"","ocean_shortcode_before_footer_widgets":"","ocean_shortcode_after_footer_widgets":"","ocean_shortcode_before_footer_bottom":"","ocean_shortcode_after_footer_bottom":"","ocean_display_top_bar":"default","ocean_display_header":"default","ocean_header_style":"","ocean_center_header_left_menu":"","ocean_custom_header_template":"","ocean_custom_logo":0,"ocean_custom_retina_logo":0,"ocean_custom_logo_max_width":0,"ocean_custom_logo_tablet_max_width":0,"ocean_custom_logo_mobile_max_width":0,"ocean_custom_logo_max_height":0,"ocean_custom_logo_tablet_max_height":0,"ocean_custom_logo_mobile_max_height":0,"ocean_header_custom_menu":"","ocean_menu_typo_font_family":"","ocean_menu_typo_font_subset":"","ocean_menu_typo_font_size":0,"ocean_menu_typo_font_size_tablet":0,"ocean_menu_typo_font_size_mobile":0,"ocean_menu_typo_font_size_unit":"px","ocean_menu_typo_font_weight":"","ocean_menu_typo_font_weight_tablet":"","ocean_menu_typo_font_weight_mobile":"","ocean_menu_typo_transform":"","ocean_menu_typo_transform_tablet":"","ocean_menu_typo_transform_mobile":"","ocean_menu_typo_line_height":0,"ocean_menu_typo_line_height_tablet":0,"ocean_menu_typo_line_height_mobile":0,"ocean_menu_typo_line_height_unit":"","ocean_menu_typo_spacing":0,"ocean_menu_typo_spacing_tablet":0,"ocean_menu_typo_spacing_mobile":0,"ocean_menu_typo_spacing_unit":"","ocean_menu_link_color":"","ocean_menu_link_color_hover":"","ocean_menu_link_color_active":"","ocean_menu_link_background":"","ocean_menu_link_hover_background":"","ocean_menu_link_active_background":"","ocean_menu_social_links_bg":"","ocean_menu_social_hover_links_bg":"","ocean_menu_social_links_color":"","ocean_menu_social_hover_links_color":"","ocean_disable_title":"default","ocean_disable_heading":"default","ocean_post_title":"","ocean_post_subheading":"","ocean_post_title_style":"","ocean_post_title_background_color":"","ocean_post_title_background":0,"ocean_post_title_bg_image_position":"","ocean_post_title_bg_image_attachment":"","ocean_post_title_bg_image_repeat":"","ocean_post_title_bg_image_size":"","ocean_post_title_height":0,"ocean_post_title_bg_overlay":0.5,"ocean_post_title_bg_overlay_color":"","ocean_disable_breadcrumbs":"default","ocean_breadcrumbs_color":"","ocean_breadcrumbs_separator_color":"","ocean_breadcrumbs_links_color":"","ocean_breadcrumbs_links_hover_color":"","ocean_display_footer_widgets":"default","ocean_display_footer_bottom":"default","ocean_custom_footer_template":"","omw_enable_modal_window":"enable","footnotes":""},"class_list":["post-6932","page","type-page","status-publish","hentry","entry"],"_links":{"self":[{"href":"https:\/\/www.civare-navigation.com\/index.php\/wp-json\/wp\/v2\/pages\/6932","targetHints":{"allow":["GET"]}}],"collection":[{"href":"https:\/\/www.civare-navigation.com\/index.php\/wp-json\/wp\/v2\/pages"}],"about":[{"href":"https:\/\/www.civare-navigation.com\/index.php\/wp-json\/wp\/v2\/types\/page"}],"author":[{"embeddable":true,"href":"https:\/\/www.civare-navigation.com\/index.php\/wp-json\/wp\/v2\/users\/1"}],"replies":[{"embeddable":true,"href":"https:\/\/www.civare-navigation.com\/index.php\/wp-json\/wp\/v2\/comments?post=6932"}],"version-history":[{"count":3,"href":"https:\/\/www.civare-navigation.com\/index.php\/wp-json\/wp\/v2\/pages\/6932\/revisions"}],"predecessor-version":[{"id":6937,"href":"https:\/\/www.civare-navigation.com\/index.php\/wp-json\/wp\/v2\/pages\/6932\/revisions\/6937"}],"wp:attachment":[{"href":"https:\/\/www.civare-navigation.com\/index.php\/wp-json\/wp\/v2\/media?parent=6932"}],"curies":[{"name":"wp","href":"https:\/\/api.w.org\/{rel}","templated":true}]}}