{"id":4231,"date":"2025-06-21T17:16:25","date_gmt":"2025-06-21T15:16:25","guid":{"rendered":"https:\/\/www.civare-navigation.com\/?page_id=4231"},"modified":"2025-07-13T15:42:14","modified_gmt":"2025-07-13T13:42:14","slug":"orientation-et-reseautage-professionnel","status":"publish","type":"page","link":"https:\/\/www.civare-navigation.com\/index.php\/orientation-et-reseautage-professionnel\/","title":{"rendered":"Orientation et R\u00e9seautage Professionnel"},"content":{"rendered":"\n<div style=\"height:70px\" aria-hidden=\"true\" class=\"wp-block-spacer show-sm\"><\/div>\n\n\n\n<div style=\"height:120px\" aria-hidden=\"true\" class=\"wp-block-spacer hide-sm\"><\/div>\n\n\n\n<div class=\"wp-block-columns is-layout-flex wp-container-core-columns-is-layout-9d6595d7 wp-block-columns-is-layout-flex\">\n<div class=\"wp-block-column is-vertically-aligned-top center-on-mobile is-layout-flow wp-block-column-is-layout-flow\" style=\"flex-basis:40%\">\n<div class=\"wp-block-group center-on-mobile is-vertical is-layout-flex wp-container-core-group-is-layout-8cf370e7 wp-block-group-is-layout-flex\">\n<h2 class=\"wp-block-heading title-sm-2 center-on-mobile has-large-font-size\" style=\"text-transform:uppercase\"><strong><strong>\u00c9v\u00e9nement : Orientation et R\u00e9seautage Professionnel <\/strong><\/strong><\/h2>\n\n\n\n<p class=\"sep-center-sm has-medium-font-size\"><strong>\u2013 <strong>Du 20 au 23 juillet 2025<\/strong><\/strong><\/p>\n<\/div>\n\n\n\n<p class=\"center-on-mobile\">D\u00e9couvrez, explorez et pr\u00e9parez l\u2019avenir avec CIVARE !<\/p>\n<\/div>\n\n\n\n<div class=\"wp-block-column hide-sm is-layout-flow wp-block-column-is-layout-flow\" style=\"flex-basis:2%\"><\/div>\n\n\n\n<div class=\"wp-block-column is-layout-flow wp-block-column-is-layout-flow\" style=\"flex-basis:58%\">\n<p>Vous \u00eates un parent soucieux de l\u2019avenir de votre enfant ou un jeune motiv\u00e9 pour explorer des opportunit\u00e9s professionnelles ? Ne manquez&nbsp;<strong>l\u2019\u00e9v\u00e9nement phare de l\u2019ann\u00e9e<\/strong>&nbsp;organis\u00e9 par&nbsp;<strong>CIVARE<\/strong>, du 20 au 23 juillet 2025 !<\/p>\n\n\n\n<p><strong>Pourquoi y participer ?<\/strong><br>Cet \u00e9v\u00e9nement rassemble des experts de divers secteurs, des professionnels inspirants et des mentors engag\u00e9s, pr\u00eats \u00e0 partager leurs parcours et leurs conseils. Une occasion unique pour les jeunes (\u00e0 partir de 14 ans) et leurs parents de d\u00e9couvrir des m\u00e9tiers, d\u2019affiner leurs projets et de ma\u00eetriser les comp\u00e9tences cl\u00e9s pour r\u00e9ussir dans un monde en mutation.<\/p>\n\n\n\n<div class=\"wp-block-group center-on-mobile block-sm is-nowrap is-layout-flex wp-container-core-group-is-layout-ad2f72ca wp-block-group-is-layout-flex\">\n<div class=\"wp-block-group center-on-mobile is-nowrap is-layout-flex wp-container-core-group-is-layout-ad2f72ca wp-block-group-is-layout-flex\">\n<figure class=\"wp-block-image size-full is-resized\"><img loading=\"lazy\" decoding=\"async\" width=\"100\" height=\"100\" src=\"https:\/\/www.civare-navigation.com\/wp-content\/uploads\/2025\/06\/calendar-event-fill-1.png\" alt=\"\" class=\"wp-image-4547\" style=\"width:24px\"\/><\/figure>\n\n\n\n<p class=\"has-text-color has-link-color wp-elements-5ddb3866e85ab44ef90cf03aa8692f62\" style=\"color:#bf612a\"><strong>Date : 20 au 23 juillet 2025<\/strong><\/p>\n<\/div>\n\n\n\n<div style=\"height:100px;width:0px\" aria-hidden=\"true\" class=\"wp-block-spacer h16-sm wp-container-content-fd3097a4\"><\/div>\n\n\n\n<div class=\"wp-block-group center-on-mobile is-nowrap is-layout-flex wp-container-core-group-is-layout-ad2f72ca wp-block-group-is-layout-flex\">\n<figure class=\"wp-block-image size-full is-resized\"><img loading=\"lazy\" decoding=\"async\" width=\"100\" height=\"100\" src=\"https:\/\/www.civare-navigation.com\/wp-content\/uploads\/2025\/06\/GeoAltFill.png\" alt=\"\" class=\"wp-image-4537\" style=\"width:24px\"\/><\/figure>\n\n\n\n<p class=\"has-text-color has-link-color wp-elements-0e021625019151ab02dd5416cfe2aebe\" style=\"color:#2a6786\"><strong><strong>Lieu : [\u00c0 pr\u00e9ciser]<\/strong><\/strong><\/p>\n<\/div>\n<\/div>\n<\/div>\n<\/div>\n\n\n\n<div style=\"height:48px\" aria-hidden=\"true\" class=\"wp-block-spacer\"><\/div>\n\n\n\n<div class=\"wp-block-cover\"><img loading=\"lazy\" decoding=\"async\" width=\"893\" height=\"830\" class=\"wp-block-cover__image-background wp-image-4555 size-full\" alt=\"\" src=\"https:\/\/www.civare-navigation.com\/wp-content\/uploads\/2025\/06\/Capture-decran-2025-06-27-035653.png\" style=\"object-position:50% 49%\" data-object-fit=\"cover\" data-object-position=\"50% 49%\" srcset=\"https:\/\/www.civare-navigation.com\/wp-content\/uploads\/2025\/06\/Capture-decran-2025-06-27-035653.png 893w, https:\/\/www.civare-navigation.com\/wp-content\/uploads\/2025\/06\/Capture-decran-2025-06-27-035653-300x279.png 300w, https:\/\/www.civare-navigation.com\/wp-content\/uploads\/2025\/06\/Capture-decran-2025-06-27-035653-768x714.png 768w\" sizes=\"auto, (max-width: 893px) 100vw, 893px\" \/><span aria-hidden=\"true\" class=\"wp-block-cover__background has-black-background-color has-background-dim\"><\/span><div class=\"wp-block-cover__inner-container is-layout-flow wp-block-cover-is-layout-flow\">\n<div style=\"height:24px\" aria-hidden=\"true\" class=\"wp-block-spacer show-sm\"><\/div>\n\n\n\n<p class=\"has-text-align-center has-large-font-size\"><strong>Au programme<\/strong><\/p>\n\n\n\n<div style=\"height:24px\" aria-hidden=\"true\" class=\"wp-block-spacer show-sm\"><\/div>\n\n\n\n<div style=\"height:48px\" aria-hidden=\"true\" class=\"wp-block-spacer hide-sm\"><\/div>\n\n\n\n<div class=\"wp-block-group block-sm is-content-justification-center is-nowrap is-layout-flex wp-container-core-group-is-layout-94bc23d7 wp-block-group-is-layout-flex\">\n<div class=\"wp-block-group is-vertical is-content-justification-center is-layout-flex wp-container-core-group-is-layout-4b2eccd6 wp-block-group-is-layout-flex\">\n<figure class=\"wp-block-image size-full is-resized\"><img loading=\"lazy\" decoding=\"async\" width=\"147\" height=\"147\" src=\"https:\/\/www.civare-navigation.com\/wp-content\/uploads\/2025\/06\/Group-44-1.png\" alt=\"\" class=\"wp-image-4549\" style=\"width:60px\"\/><\/figure>\n\n\n\n<div style=\"height:0px\" aria-hidden=\"true\" class=\"wp-block-spacer wp-container-content-af3d81f1\"><\/div>\n\n\n\n<div class=\"wp-block-group is-vertical is-content-justification-center is-layout-flex wp-container-core-group-is-layout-4b2eccd6 wp-block-group-is-layout-flex\">\n<p class=\"has-text-align-center has-white-color has-text-color has-link-color wp-elements-07879a8ff420fbf9ab603917683ecbf6\"><strong>Ateliers interactifs<\/strong>&nbsp;pour identifier vos passions et talents<\/p>\n<\/div>\n<\/div>\n\n\n\n<div style=\"height:100px;width:0px\" aria-hidden=\"true\" class=\"wp-block-spacer h32-sm wp-container-content-fd3097a4\"><\/div>\n\n\n\n<div class=\"wp-block-group is-vertical is-content-justification-center is-layout-flex wp-container-core-group-is-layout-4b2eccd6 wp-block-group-is-layout-flex\">\n<figure class=\"wp-block-image size-full is-resized\"><img loading=\"lazy\" decoding=\"async\" width=\"147\" height=\"147\" src=\"https:\/\/www.civare-navigation.com\/wp-content\/uploads\/2025\/06\/Group-45.png\" alt=\"\" class=\"wp-image-4550\" style=\"width:60px\"\/><\/figure>\n\n\n\n<div style=\"height:0px\" aria-hidden=\"true\" class=\"wp-block-spacer wp-container-content-af3d81f1\"><\/div>\n\n\n\n<div class=\"wp-block-group is-vertical is-content-justification-center is-layout-flex wp-container-core-group-is-layout-4b2eccd6 wp-block-group-is-layout-flex\">\n<p class=\"has-text-align-center has-white-color has-text-color has-link-color wp-elements-ff5bfb607a819019937a3298cf268d86\"><strong>Conf\u00e9rences inspirantes<\/strong>&nbsp;anim\u00e9es par des experts de renom<\/p>\n<\/div>\n<\/div>\n\n\n\n<div style=\"height:100px;width:0px\" aria-hidden=\"true\" class=\"wp-block-spacer h32-sm wp-container-content-fd3097a4\"><\/div>\n\n\n\n<div class=\"wp-block-group is-vertical is-content-justification-center is-layout-flex wp-container-core-group-is-layout-4b2eccd6 wp-block-group-is-layout-flex\">\n<figure class=\"wp-block-image size-full is-resized\"><img loading=\"lazy\" decoding=\"async\" width=\"147\" height=\"147\" src=\"https:\/\/www.civare-navigation.com\/wp-content\/uploads\/2025\/06\/Group-46.png\" alt=\"\" class=\"wp-image-4551\" style=\"width:60px\"\/><\/figure>\n\n\n\n<div style=\"height:0px\" aria-hidden=\"true\" class=\"wp-block-spacer wp-container-content-af3d81f1\"><\/div>\n\n\n\n<div class=\"wp-block-group is-vertical is-content-justification-center is-layout-flex wp-container-core-group-is-layout-4b2eccd6 wp-block-group-is-layout-flex\">\n<p class=\"has-text-align-center has-white-color has-text-color has-link-color wp-elements-c8ce1c489ce05ecff0e7792e430adf43\"><strong>Rencontres individuelles<\/strong>&nbsp;avec des mentors pour un accompagnement personnalis\u00e9<\/p>\n<\/div>\n<\/div>\n\n\n\n<div style=\"height:100px;width:0px\" aria-hidden=\"true\" class=\"wp-block-spacer h32-sm wp-container-content-fd3097a4\"><\/div>\n\n\n\n<div class=\"wp-block-group is-vertical is-content-justification-center is-layout-flex wp-container-core-group-is-layout-4b2eccd6 wp-block-group-is-layout-flex\">\n<figure class=\"wp-block-image size-full is-resized\"><img loading=\"lazy\" decoding=\"async\" width=\"147\" height=\"147\" src=\"https:\/\/www.civare-navigation.com\/wp-content\/uploads\/2025\/06\/Group-47.png\" alt=\"\" class=\"wp-image-4553\" style=\"width:60px;height:auto\"\/><\/figure>\n\n\n\n<div style=\"height:0px\" aria-hidden=\"true\" class=\"wp-block-spacer wp-container-content-af3d81f1\"><\/div>\n\n\n\n<div class=\"wp-block-group is-vertical is-content-justification-center is-layout-flex wp-container-core-group-is-layout-4b2eccd6 wp-block-group-is-layout-flex\">\n<p class=\"has-text-align-center has-white-color has-text-color has-link-color wp-elements-d418256ec7b00d104606063221a5e90f\"><strong>Activit\u00e9s ludiques<\/strong>&nbsp;pour d\u00e9velopper des comp\u00e9tences tout en s\u2019amusant<\/p>\n<\/div>\n<\/div>\n\n\n\n<div style=\"height:100px;width:0px\" aria-hidden=\"true\" class=\"wp-block-spacer h32-sm wp-container-content-fd3097a4\"><\/div>\n\n\n\n<div class=\"wp-block-group is-vertical is-content-justification-center is-layout-flex wp-container-core-group-is-layout-4b2eccd6 wp-block-group-is-layout-flex\">\n<figure class=\"wp-block-image size-full is-resized\"><img loading=\"lazy\" decoding=\"async\" width=\"147\" height=\"147\" src=\"https:\/\/www.civare-navigation.com\/wp-content\/uploads\/2025\/06\/Group-48.png\" alt=\"\" class=\"wp-image-4554\" style=\"width:60px\"\/><\/figure>\n\n\n\n<div style=\"height:0px\" aria-hidden=\"true\" class=\"wp-block-spacer wp-container-content-af3d81f1\"><\/div>\n\n\n\n<div class=\"wp-block-group is-vertical is-content-justification-center is-layout-flex wp-container-core-group-is-layout-4b2eccd6 wp-block-group-is-layout-flex\">\n<p class=\"has-text-align-center has-white-color has-text-color has-link-color wp-elements-17828a1626788b60cfdbb6cf8b8ccb92\"><strong>Forum des m\u00e9tiers<\/strong>&nbsp;pour explorer les secteurs d\u2019avenir et les innovations<\/p>\n<\/div>\n<\/div>\n<\/div>\n\n\n\n<div style=\"height:24px\" aria-hidden=\"true\" class=\"wp-block-spacer\"><\/div>\n<\/div><\/div>\n\n\n\n<div style=\"height:48px\" aria-hidden=\"true\" class=\"wp-block-spacer show-sm\"><\/div>\n\n\n\n<div style=\"height:80px\" aria-hidden=\"true\" class=\"wp-block-spacer hide-sm\"><\/div>\n\n\n\n<div class=\"wp-block-columns is-layout-flex wp-container-core-columns-is-layout-9d6595d7 wp-block-columns-is-layout-flex\">\n<div class=\"wp-block-column hide-sm is-layout-flow wp-block-column-is-layout-flow\" style=\"flex-basis:10%\"><\/div>\n\n\n\n<div class=\"wp-block-column is-layout-flow wp-block-column-is-layout-flow\" style=\"flex-basis:80%\">\n<div class=\"wp-block-group is-vertical is-content-justification-center is-layout-flex wp-container-core-group-is-layout-4b2eccd6 wp-block-group-is-layout-flex\">\n<h2 class=\"wp-block-heading has-text-align-center title-sm-2 has-large-font-size\"><strong><strong>Le moment id\u00e9al pour<\/strong><\/strong> :<\/h2>\n\n\n\n<div style=\"height:0px\" aria-hidden=\"true\" class=\"wp-block-spacer wp-container-content-c42f3963\"><\/div>\n\n\n\n<div class=\"wp-block-group block-sm is-content-justification-center is-nowrap is-layout-flex wp-container-core-group-is-layout-94bc23d7 wp-block-group-is-layout-flex\">\n<blockquote class=\"wp-block-quote is-layout-flow wp-block-quote-is-layout-flow\" style=\"font-style:normal;font-weight:400\">\n<p>Relancer votre r\u00e9flexion sur l\u2019orientation professionnelle<\/p>\n<\/blockquote>\n\n\n\n<div style=\"height:100px;width:0px\" aria-hidden=\"true\" class=\"wp-block-spacer h16-sm wp-container-content-fd3097a4\"><\/div>\n\n\n\n<blockquote class=\"wp-block-quote is-layout-flow wp-block-quote-is-layout-flow\" style=\"font-style:normal;font-weight:400\">\n<p>B\u00e9n\u00e9ficier de conseils d\u2019experts dans des domaines vari\u00e9s<\/p>\n<\/blockquote>\n\n\n\n<div style=\"height:100px;width:0px\" aria-hidden=\"true\" class=\"wp-block-spacer h16-sm wp-container-content-fd3097a4\"><\/div>\n\n\n\n<blockquote class=\"wp-block-quote is-layout-flow wp-block-quote-is-layout-flow\" style=\"font-style:normal;font-weight:400\">\n<p>Construire un r\u00e9seau solide gr\u00e2ce au&nbsp;<strong>R\u00e9seau Professionnel de R\u00e9f\u00e9rence (RPR)<\/strong><\/p>\n<\/blockquote>\n<\/div>\n<\/div>\n<\/div>\n\n\n\n<div class=\"wp-block-column hide-sm is-layout-flow wp-block-column-is-layout-flow\" style=\"flex-basis:10%\"><\/div>\n<\/div>\n\n\n\n<div style=\"height:48px\" aria-hidden=\"true\" class=\"wp-block-spacer show-sm\"><\/div>\n\n\n\n<div style=\"height:100px\" aria-hidden=\"true\" class=\"wp-block-spacer hide-sm\"><\/div>\n\n\n\n<div class=\"wp-block-group is-content-justification-center is-nowrap is-layout-flex wp-container-core-group-is-layout-94bc23d7 wp-block-group-is-layout-flex\">\n<p class=\"has-text-align-center\"><strong>Inscrivez-vous d\u00e8s maintenant \u2013 Les places sont limit\u00e9es !<\/strong><br>L\u2019\u00e9v\u00e9nement est&nbsp;<strong>gratuit<\/strong>, mais l\u2019inscription est obligatoire. R\u00e9servez vite votre place et plongez dans un univers d\u2019opportunit\u00e9s !<\/p>\n<\/div>\n\n\n\n<div style=\"height:24px\" aria-hidden=\"true\" class=\"wp-block-spacer\"><\/div>\n\n\n\n<div class=\"wp-block-buttons is-content-justification-center is-layout-flex wp-container-core-buttons-is-layout-16018d1d wp-block-buttons-is-layout-flex\">\n<div class=\"wp-block-button\"><a class=\"wp-block-button__link has-white-color has-text-color has-link-color wp-element-button\" href=\"https:\/\/wa.me\/69885537?text=Bonjour,%20je%20souhaite%20r\u00e9server%20ma%20place%20pour%20l%27Orientation%20et%20le%20R\u00e9seautage%20Professionnel.\" target=\"_blank\" rel=\"noopener\"><strong>Cliquez ici pour vous inscrire<\/strong><\/a><\/div>\n<\/div>\n\n\n\n<div style=\"height:48px\" aria-hidden=\"true\" class=\"wp-block-spacer\"><\/div>\n\n\n\n<p class=\"has-text-align-center\"><strong>Venez fa\u00e7onner votre avenir, \u00e9changer avec des professionnels passionnants et d\u00e9couvrez les m\u00e9tiers de demain avec CIVARE !<\/strong><\/p>\n\n\n\n<p class=\"has-text-align-center\"><em>CIVARE : Accompagner l\u2019avenir gr\u00e2ce \u00e0 l\u2019innovation, l\u2019orientation et les connexions.<\/em><\/p>\n\n\n\n<p class=\"has-text-align-center\">#Orientation #R\u00e9seautage #AvenirProfessionnel #CIVARE2025<\/p>\n","protected":false},"excerpt":{"rendered":"<p>\u00c9v\u00e9nement : Orientation et R\u00e9seautage Professionnel \u2013 Du 20 au 23 juillet 2025 D\u00e9couvrez, explorez et pr\u00e9parez l\u2019avenir avec CIVARE ! Vous \u00eates un parent soucieux de l\u2019avenir de votre enfant ou un jeune motiv\u00e9 pour explorer des opportunit\u00e9s professionnelles ? Ne manquez&nbsp;l\u2019\u00e9v\u00e9nement phare de l\u2019ann\u00e9e&nbsp;organis\u00e9 par&nbsp;CIVARE, du 20 au 23 juillet 2025 ! Pourquoi [&hellip;]<\/p>\n","protected":false},"author":1,"featured_media":0,"parent":0,"menu_order":0,"comment_status":"closed","ping_status":"closed","template":"","meta":{"ocean_post_layout":"","ocean_both_sidebars_style":"","ocean_both_sidebars_content_width":0,"ocean_both_sidebars_sidebars_width":0,"ocean_sidebar":"","ocean_second_sidebar":"","ocean_disable_margins":"enable","ocean_add_body_class":"","ocean_shortcode_before_top_bar":"","ocean_shortcode_after_top_bar":"","ocean_shortcode_before_header":"","ocean_shortcode_after_header":"","ocean_has_shortcode":"","ocean_shortcode_after_title":"","ocean_shortcode_before_footer_widgets":"","ocean_shortcode_after_footer_widgets":"","ocean_shortcode_before_footer_bottom":"","ocean_shortcode_after_footer_bottom":"","ocean_display_top_bar":"default","ocean_display_header":"default","ocean_header_style":"","ocean_center_header_left_menu":"","ocean_custom_header_template":"","ocean_custom_logo":0,"ocean_custom_retina_logo":0,"ocean_custom_logo_max_width":0,"ocean_custom_logo_tablet_max_width":0,"ocean_custom_logo_mobile_max_width":0,"ocean_custom_logo_max_height":0,"ocean_custom_logo_tablet_max_height":0,"ocean_custom_logo_mobile_max_height":0,"ocean_header_custom_menu":"","ocean_menu_typo_font_family":"","ocean_menu_typo_font_subset":"","ocean_menu_typo_font_size":0,"ocean_menu_typo_font_size_tablet":0,"ocean_menu_typo_font_size_mobile":0,"ocean_menu_typo_font_size_unit":"px","ocean_menu_typo_font_weight":"","ocean_menu_typo_font_weight_tablet":"","ocean_menu_typo_font_weight_mobile":"","ocean_menu_typo_transform":"","ocean_menu_typo_transform_tablet":"","ocean_menu_typo_transform_mobile":"","ocean_menu_typo_line_height":0,"ocean_menu_typo_line_height_tablet":0,"ocean_menu_typo_line_height_mobile":0,"ocean_menu_typo_line_height_unit":"","ocean_menu_typo_spacing":0,"ocean_menu_typo_spacing_tablet":0,"ocean_menu_typo_spacing_mobile":0,"ocean_menu_typo_spacing_unit":"","ocean_menu_link_color":"","ocean_menu_link_color_hover":"","ocean_menu_link_color_active":"","ocean_menu_link_background":"","ocean_menu_link_hover_background":"","ocean_menu_link_active_background":"","ocean_menu_social_links_bg":"","ocean_menu_social_hover_links_bg":"","ocean_menu_social_links_color":"","ocean_menu_social_hover_links_color":"","ocean_disable_title":"on","ocean_disable_heading":"default","ocean_post_title":"","ocean_post_subheading":"","ocean_post_title_style":"","ocean_post_title_background_color":"","ocean_post_title_background":0,"ocean_post_title_bg_image_position":"","ocean_post_title_bg_image_attachment":"","ocean_post_title_bg_image_repeat":"","ocean_post_title_bg_image_size":"","ocean_post_title_height":0,"ocean_post_title_bg_overlay":0.5,"ocean_post_title_bg_overlay_color":"","ocean_disable_breadcrumbs":"default","ocean_breadcrumbs_color":"","ocean_breadcrumbs_separator_color":"","ocean_breadcrumbs_links_color":"","ocean_breadcrumbs_links_hover_color":"","ocean_display_footer_widgets":"default","ocean_display_footer_bottom":"default","ocean_custom_footer_template":"","omw_enable_modal_window":"enable","footnotes":""},"class_list":["post-4231","page","type-page","status-publish","hentry","entry"],"_links":{"self":[{"href":"https:\/\/www.civare-navigation.com\/index.php\/wp-json\/wp\/v2\/pages\/4231","targetHints":{"allow":["GET"]}}],"collection":[{"href":"https:\/\/www.civare-navigation.com\/index.php\/wp-json\/wp\/v2\/pages"}],"about":[{"href":"https:\/\/www.civare-navigation.com\/index.php\/wp-json\/wp\/v2\/types\/page"}],"author":[{"embeddable":true,"href":"https:\/\/www.civare-navigation.com\/index.php\/wp-json\/wp\/v2\/users\/1"}],"replies":[{"embeddable":true,"href":"https:\/\/www.civare-navigation.com\/index.php\/wp-json\/wp\/v2\/comments?post=4231"}],"version-history":[{"count":18,"href":"https:\/\/www.civare-navigation.com\/index.php\/wp-json\/wp\/v2\/pages\/4231\/revisions"}],"predecessor-version":[{"id":6448,"href":"https:\/\/www.civare-navigation.com\/index.php\/wp-json\/wp\/v2\/pages\/4231\/revisions\/6448"}],"wp:attachment":[{"href":"https:\/\/www.civare-navigation.com\/index.php\/wp-json\/wp\/v2\/media?parent=4231"}],"curies":[{"name":"wp","href":"https:\/\/api.w.org\/{rel}","templated":true}]}}