{"id":2179,"date":"2025-05-07T12:19:47","date_gmt":"2025-05-07T10:19:47","guid":{"rendered":"https:\/\/www.civare-navigation.com\/?page_id=2179"},"modified":"2025-07-12T12:12:17","modified_gmt":"2025-07-12T10:12:17","slug":"programme-a-domicile-pour-linsertion-a-la-vie-active-p-ediva","status":"publish","type":"page","link":"https:\/\/www.civare-navigation.com\/index.php\/programme-a-domicile-pour-linsertion-a-la-vie-active-p-ediva\/","title":{"rendered":"Programme \u00e0 Domicile pour l&rsquo;Insertion \u00e0 la Vie Active (P-EDIVA)"},"content":{"rendered":"\n<div class=\"wp-block-group\"><div class=\"wp-block-group__inner-container is-layout-constrained wp-block-group-is-layout-constrained\">\n<div style=\"height:60px\" aria-hidden=\"true\" class=\"wp-block-spacer show-sm\"><\/div>\n\n\n\n<div style=\"height:110px\" aria-hidden=\"true\" class=\"wp-block-spacer hide-sm\"><\/div>\n\n\n\n<div class=\"wp-block-columns is-layout-flex wp-container-core-columns-is-layout-9d6595d7 wp-block-columns-is-layout-flex\">\n<div class=\"wp-block-column is-layout-flow wp-block-column-is-layout-flow\" style=\"flex-basis:65%\">\n<h1 class=\"wp-block-heading title-sm has-large-font-size\">Programme \u00e0 Domicile pour l&rsquo;Insertion \u00e0 la Vie Active (P-EDIVA)<\/h1>\n\n\n\n<div class=\"wp-block-group is-vertical is-layout-flex wp-container-core-group-is-layout-8cf370e7 wp-block-group-is-layout-flex\">\n<p><strong>Transformez Votre Avenir avec P-EDIVA : L\u2019\u00c9ducation Rencontre l\u2019\u00c9mancipation !<\/strong><\/p>\n\n\n\n<p><strong>Le Programme P-EDIVA<\/strong>, con\u00e7u et pilot\u00e9 par le&nbsp;<strong>CIVARE<\/strong>, est bien plus qu\u2019une formation : c\u2019est un tremplin vers une vie active \u00e9panouie et une reconqu\u00eate de votre potentiel. Destin\u00e9 aux jeunes ambitieux, aux adultes en reconversion, ou \u00e0 toute personne d\u00e9sireuse de reprendre son destin en main, P-EDIVA allie savoirs essentiels, comp\u00e9tences du futur et accompagnement sur mesure.<\/p>\n\n\n\n<div style=\"height:0px\" aria-hidden=\"true\" class=\"wp-block-spacer wp-container-content-c42f3963\"><\/div>\n\n\n\n<h2 class=\"wp-block-heading\"><strong>4 Raisons de Rejoindre la R\u00e9volution P-EDIVA :<\/strong><\/h2>\n\n\n\n<div style=\"height:0px\" aria-hidden=\"true\" class=\"wp-block-spacer wp-container-content-f2708022\"><\/div>\n\n\n\n<div class=\"wp-block-columns col-gap-sm is-layout-flex wp-container-core-columns-is-layout-9d6595d7 wp-block-columns-is-layout-flex\">\n<div class=\"wp-block-column is-layout-flow wp-block-column-is-layout-flow\" style=\"flex-basis:10%\">\n<p class=\"has-text-color has-link-color wp-elements-04d4f7713ff6869def02ce65619362fd\" style=\"color:#dcdcdc;font-size:56px\"><strong>01<\/strong><\/p>\n<\/div>\n\n\n\n<div class=\"wp-block-column is-layout-flow wp-block-column-is-layout-flow\" style=\"flex-basis:90%\">\n<div class=\"wp-block-group is-vertical is-layout-flex wp-container-core-group-is-layout-8cf370e7 wp-block-group-is-layout-flex\">\n<p style=\"text-transform:uppercase\"><strong><a href=\"https:\/\/www.civare-navigation.com\/index.php\/education-360\/\">\u00c9ducation 360\u00b0 : La Connaissance Sous Tous Ses Angles<\/a><\/strong><\/p>\n\n\n\n<ul class=\"wp-block-list m-col\">\n<li><strong>6 domaines cl\u00e9s<\/strong>&nbsp;pour devenir acteur de votre vie : entrepreneuriat, finance, droit, sant\u00e9 affective, \u00e9cologie, sport.<\/li>\n\n\n\n<li>Des ateliers ludiques (7-12 ans) aux simulations pro (13-18 ans), apprenez en agissant !<\/li>\n\n\n\n<li><em>Exemple :<\/em>&nbsp;Cr\u00e9ez votre mini-entreprise ou g\u00e9rez un potager bio avec des outils innovants.<\/li>\n<\/ul>\n<\/div>\n\n\n\n<div style=\"height:24px\" aria-hidden=\"true\" class=\"wp-block-spacer\"><\/div>\n<\/div>\n<\/div>\n\n\n\n<div style=\"height:0px\" aria-hidden=\"true\" class=\"wp-block-spacer wp-container-content-f2708022\"><\/div>\n\n\n\n<div class=\"wp-block-columns col-gap-sm is-layout-flex wp-container-core-columns-is-layout-9d6595d7 wp-block-columns-is-layout-flex\">\n<div class=\"wp-block-column is-layout-flow wp-block-column-is-layout-flow\" style=\"flex-basis:10%\">\n<p class=\"has-text-color has-link-color wp-elements-8082299cd41620450af35d8cd06a3dd3\" style=\"color:#dcdcdc;font-size:56px\"><strong>02<\/strong><\/p>\n<\/div>\n\n\n\n<div class=\"wp-block-column is-layout-flow wp-block-column-is-layout-flow\" style=\"flex-basis:90%\">\n<div class=\"wp-block-group is-vertical is-layout-flex wp-container-core-group-is-layout-8cf370e7 wp-block-group-is-layout-flex\">\n<p style=\"text-transform:uppercase\"><strong><a href=\"https:\/\/www.civare-navigation.com\/index.php\/etude-de-maison-et-cours-du-soir\/\">\u00c9tude \u00e0 Domicile &amp; Cours du Soir : Votre Rythme, Votre Succ\u00e8s<\/a><\/strong><\/p>\n\n\n\n<ul class=\"wp-block-list m-col\">\n<li>Combinez&nbsp;<strong>flexibilit\u00e9<\/strong>&nbsp;et excellence : renforcement scolaire, acc\u00e9l\u00e9ration de parcours, ou reprise d\u2019\u00e9tudes apr\u00e8s 18h.<\/li>\n\n\n\n<li>Des enseignants qualifi\u00e9s et un plan&nbsp;<em>sur mesure<\/em>&nbsp;pour chaque profil.<\/li>\n<\/ul>\n<\/div>\n\n\n\n<div style=\"height:24px\" aria-hidden=\"true\" class=\"wp-block-spacer\"><\/div>\n<\/div>\n<\/div>\n\n\n\n<div style=\"height:0px\" aria-hidden=\"true\" class=\"wp-block-spacer wp-container-content-f2708022\"><\/div>\n\n\n\n<div class=\"wp-block-columns col-gap-sm is-layout-flex wp-container-core-columns-is-layout-9d6595d7 wp-block-columns-is-layout-flex\">\n<div class=\"wp-block-column is-layout-flow wp-block-column-is-layout-flow\" style=\"flex-basis:11%\">\n<p class=\"has-text-color has-link-color wp-elements-a1d0c25d5deacc63e498afa50570acb0\" style=\"color:#dcdcdc;font-size:56px\"><strong>03<\/strong><\/p>\n<\/div>\n\n\n\n<div class=\"wp-block-column is-layout-flow wp-block-column-is-layout-flow\" style=\"flex-basis:89%\">\n<div class=\"wp-block-group is-vertical is-layout-flex wp-container-core-group-is-layout-8cf370e7 wp-block-group-is-layout-flex\">\n<p style=\"text-transform:uppercase\"><strong><a href=\"https:\/\/www.civare-navigation.com\/index.php\/etude-de-linformatique-et-du-numerique\/\">Ma\u00eetrise du Num\u00e9rique : Devenez un Pro des Technologies<\/a><\/strong><\/p>\n\n\n\n<ul class=\"wp-block-list m-col\">\n<li>De Scratch \u00e0 l\u2019intelligence artificielle, progressez par niveau (7-18 ans).<\/li>\n\n\n\n<li>Graphisme, codage, marketing digital\u2026 Des comp\u00e9tences recherch\u00e9es d\u00e8s le coll\u00e8ge !<\/li>\n<\/ul>\n<\/div>\n\n\n\n<div style=\"height:24px\" aria-hidden=\"true\" class=\"wp-block-spacer\"><\/div>\n<\/div>\n<\/div>\n\n\n\n<div style=\"height:0px\" aria-hidden=\"true\" class=\"wp-block-spacer wp-container-content-f2708022\"><\/div>\n\n\n\n<div class=\"wp-block-columns is-layout-flex wp-container-core-columns-is-layout-9d6595d7 wp-block-columns-is-layout-flex\">\n<div class=\"wp-block-column is-layout-flow wp-block-column-is-layout-flow\" style=\"flex-basis:10%\">\n<p class=\"has-text-color has-link-color wp-elements-134469c9dd0d33f14ea6f457e960fd4d\" style=\"color:#dcdcdc;font-size:56px\"><strong>04<\/strong><\/p>\n<\/div>\n\n\n\n<div class=\"wp-block-column is-layout-flow wp-block-column-is-layout-flow\" style=\"flex-basis:90%\">\n<div class=\"wp-block-group is-vertical is-layout-flex wp-container-core-group-is-layout-8cf370e7 wp-block-group-is-layout-flex\">\n<p style=\"text-transform:uppercase\"><strong><a href=\"https:\/\/www.civare-navigation.com\/index.php\/decouverte-du-monde-professionnel-divertissement-educatif\/\">Immersion Pro &amp; Divertissement Intelligent<\/a><\/strong><\/p>\n\n\n\n<ul class=\"wp-block-list m-col\">\n<li>Visitez des entreprises, participez \u00e0 des hackathons, ou d\u00e9couvrez des m\u00e9tiers via des casques VR.<\/li>\n\n\n\n<li>M\u00ealez l\u2019utile \u00e0 l\u2019agr\u00e9able : concours cr\u00e9atifs, comp\u00e9titions sportives, et \u00e9v\u00e9nements culturels.<\/li>\n<\/ul>\n<\/div>\n\n\n\n<div style=\"height:24px\" aria-hidden=\"true\" class=\"wp-block-spacer\"><\/div>\n<\/div>\n<\/div>\n<\/div>\n<\/div>\n\n\n\n<div class=\"wp-block-column hide-sm is-layout-flow wp-block-column-is-layout-flow\" style=\"flex-basis:1.66%\"><\/div>\n\n\n\n<div class=\"wp-block-column is-layout-flow wp-block-column-is-layout-flow\" style=\"flex-basis:33.33%\">\n<div class=\"wp-block-cover\"><img loading=\"lazy\" decoding=\"async\" width=\"1024\" height=\"1024\" class=\"wp-block-cover__image-background wp-image-2395 size-large\" alt=\"\" src=\"https:\/\/www.civare-navigation.com\/wp-content\/uploads\/2025\/05\/Gemini_Generated_Image_3qcbyg3qcbyg3qcb-1024x1024.jpeg\" data-object-fit=\"cover\" srcset=\"https:\/\/www.civare-navigation.com\/wp-content\/uploads\/2025\/05\/Gemini_Generated_Image_3qcbyg3qcbyg3qcb-1024x1024.jpeg 1024w, https:\/\/www.civare-navigation.com\/wp-content\/uploads\/2025\/05\/Gemini_Generated_Image_3qcbyg3qcbyg3qcb-300x300.jpeg 300w, https:\/\/www.civare-navigation.com\/wp-content\/uploads\/2025\/05\/Gemini_Generated_Image_3qcbyg3qcbyg3qcb-150x150.jpeg 150w, https:\/\/www.civare-navigation.com\/wp-content\/uploads\/2025\/05\/Gemini_Generated_Image_3qcbyg3qcbyg3qcb-768x768.jpeg 768w, https:\/\/www.civare-navigation.com\/wp-content\/uploads\/2025\/05\/Gemini_Generated_Image_3qcbyg3qcbyg3qcb-1536x1536.jpeg 1536w, https:\/\/www.civare-navigation.com\/wp-content\/uploads\/2025\/05\/Gemini_Generated_Image_3qcbyg3qcbyg3qcb-600x600.jpeg 600w, https:\/\/www.civare-navigation.com\/wp-content\/uploads\/2025\/05\/Gemini_Generated_Image_3qcbyg3qcbyg3qcb.jpeg 2048w\" sizes=\"auto, (max-width: 1024px) 100vw, 1024px\" \/><span aria-hidden=\"true\" class=\"wp-block-cover__background has-background-dim-80 has-background-dim wp-block-cover__gradient-background has-background-gradient\" style=\"background:linear-gradient(135deg,rgb(249,158,0) 0%,rgb(199,81,192) 50%,rgb(0,32,192) 100%)\"><\/span><div class=\"wp-block-cover__inner-container is-layout-constrained wp-block-cover-is-layout-constrained\">\n<div class=\"wp-block-columns is-layout-flex wp-container-core-columns-is-layout-9d6595d7 wp-block-columns-is-layout-flex\">\n<div class=\"wp-block-column hide-sm is-layout-flow wp-block-column-is-layout-flow\" style=\"flex-basis:2%\"><\/div>\n\n\n\n<div class=\"wp-block-column is-layout-flow wp-block-column-is-layout-flow\" style=\"flex-basis:96%\">\n<div style=\"height:16px\" aria-hidden=\"true\" class=\"wp-block-spacer\"><\/div>\n\n\n\n<p class=\"has-text-align-center has-white-color has-text-color has-link-color has-medium-font-size wp-elements-3485304ab68fbdfff8fe7eebf41999ae\"><strong><strong>Rejoignez-Nous D\u00e8s Maintenant !<\/strong><br><\/strong><\/p>\n\n\n\n<div style=\"height:16px\" aria-hidden=\"true\" class=\"wp-block-spacer\"><\/div>\n\n\n\n<p class=\"has-white-color has-text-color has-link-color wp-elements-e7222aeb9668b1a7da492cfc515c365a\">Que vous soyez parent, \u00e9l\u00e8ve, adulte en reconversion, ou partenaire passionn\u00e9,&nbsp;<strong>P-EDIVA<\/strong>&nbsp;vous offre les cl\u00e9s pour :<\/p>\n\n\n\n<ul class=\"wp-block-list\">\n<li class=\"has-white-color has-text-color has-link-color wp-elements-2bed020624baf2023b95217726d84623\"><strong>D\u00e9bloquer<\/strong>&nbsp;votre cr\u00e9ativit\u00e9 et votre autonomie.<\/li>\n\n\n\n<li class=\"has-white-color has-text-color has-link-color wp-elements-4d131f065244cd4ab976dc1874a45225\"><strong>Ma\u00eetriser<\/strong>&nbsp;les comp\u00e9tences de demain.<\/li>\n\n\n\n<li class=\"has-white-color has-text-color has-link-color wp-elements-05b0f4bb685eb7b125b6e5496953432a\"><strong>Briller<\/strong>&nbsp;dans un monde en constante \u00e9volution.<\/li>\n<\/ul>\n\n\n\n<p class=\"has-text-align-center has-white-color has-text-color has-link-color wp-elements-793a241e46eba623804c07e6acbe36bf\"><strong>Ne tardez plus !<\/strong><br>Inscrivez-vous d\u00e8s aujourd\u2019hui&nbsp;ou contactez-nous au&nbsp;<strong>229 0169885537<\/strong>.<\/p>\n\n\n\n<div class=\"wp-block-buttons is-content-justification-center is-layout-flex wp-container-core-buttons-is-layout-16018d1d wp-block-buttons-is-layout-flex\">\n<div class=\"wp-block-button btn-gap\"><a class=\"wp-block-button__link has-black-color has-white-background-color has-text-color has-background has-link-color has-text-align-center wp-element-button\" href=\"https:\/\/www.civare-navigation.com\/index.php\/formulaire-dinscription-au-programme-p-ediva\/\">Inscription<\/a><\/div>\n<\/div>\n\n\n\n<div style=\"height:16px\" aria-hidden=\"true\" class=\"wp-block-spacer\"><\/div>\n<\/div>\n\n\n\n<div class=\"wp-block-column hide-sm is-layout-flow wp-block-column-is-layout-flow\" style=\"flex-basis:2%\"><\/div>\n<\/div>\n<\/div><\/div>\n<\/div>\n<\/div>\n\n\n\n<div style=\"height:80px\" aria-hidden=\"true\" class=\"wp-block-spacer\"><\/div>\n\n\n\n<h2 class=\"wp-block-heading\"><strong>Pourquoi Choisir P-EDIVA ?<\/strong><\/h2>\n\n\n\n<div style=\"height:24px\" aria-hidden=\"true\" class=\"wp-block-spacer\"><\/div>\n\n\n\n<div class=\"wp-block-columns col-gap-sm is-layout-flex wp-container-core-columns-is-layout-9d6595d7 wp-block-columns-is-layout-flex\">\n<div class=\"wp-block-column is-layout-flow wp-block-column-is-layout-flow\" style=\"flex-basis:25%\">\n<blockquote class=\"wp-block-quote is-layout-flow wp-block-quote-is-layout-flow\">\n<div class=\"wp-block-group is-vertical is-layout-flex wp-container-core-group-is-layout-8cf370e7 wp-block-group-is-layout-flex\">\n<p style=\"font-style:normal;font-weight:400\"><strong>Approche Globale<\/strong>&nbsp;:<\/p>\n\n\n\n<p style=\"font-style:normal;font-weight:400\">Savoirs acad\u00e9miques + comp\u00e9tences techniques + valeurs humaines.<\/p>\n<\/div>\n<\/blockquote>\n<\/div>\n\n\n\n<div class=\"wp-block-column is-layout-flow wp-block-column-is-layout-flow\" style=\"flex-basis:25%\">\n<blockquote class=\"wp-block-quote is-layout-flow wp-block-quote-is-layout-flow\">\n<div class=\"wp-block-group is-vertical is-layout-flex wp-container-core-group-is-layout-8cf370e7 wp-block-group-is-layout-flex\">\n<p style=\"font-style:normal;font-weight:400\"><strong>R\u00e9seau In\u00e9gal\u00e9<\/strong>&nbsp;:<\/p>\n\n\n\n<p style=\"font-style:normal;font-weight:400\">Mentorat par des pros, partenariats exclusifs, communaut\u00e9 solidaire.<\/p>\n<\/div>\n<\/blockquote>\n<\/div>\n\n\n\n<div class=\"wp-block-column is-layout-flow wp-block-column-is-layout-flow\" style=\"flex-basis:25%\">\n<blockquote class=\"wp-block-quote is-layout-flow wp-block-quote-is-layout-flow\">\n<div class=\"wp-block-group is-vertical is-layout-flex wp-container-core-group-is-layout-8cf370e7 wp-block-group-is-layout-flex\">\n<p style=\"font-style:normal;font-weight:400\"><strong>Innovation au C\u0153ur<\/strong>&nbsp;:<\/p>\n\n\n\n<p style=\"font-style:normal;font-weight:400\">Outils high-tech (simulateurs, IA), m\u00e9thodes interactives.<\/p>\n<\/div>\n<\/blockquote>\n<\/div>\n\n\n\n<div class=\"wp-block-column is-layout-flow wp-block-column-is-layout-flow\" style=\"flex-basis:25%\">\n<blockquote class=\"wp-block-quote is-layout-flow wp-block-quote-is-layout-flow\">\n<div class=\"wp-block-group is-vertical is-layout-flex wp-container-core-group-is-layout-8cf370e7 wp-block-group-is-layout-flex\">\n<p style=\"font-style:normal;font-weight:400\"><strong>Flexibilit\u00e9 Totale<\/strong>&nbsp;:<\/p>\n\n\n\n<p style=\"font-style:normal;font-weight:400\">En pr\u00e9sentiel, en ligne, en journ\u00e9e ou en soir\u00e9e.<\/p>\n<\/div>\n<\/blockquote>\n<\/div>\n<\/div>\n<\/div><\/div>\n\n\n\n<div style=\"height:48px\" aria-hidden=\"true\" class=\"wp-block-spacer show-sm\"><\/div>\n\n\n\n<div style=\"height:80px\" aria-hidden=\"true\" class=\"wp-block-spacer hide-sm\"><\/div>\n\n\n\n<p class=\"has-text-align-center\"><strong>P-EDIVA : Parce que l\u2019\u00e9mancipation commence par une \u00e9ducation qui ose tout r\u00e9inventer.<\/strong><\/p>\n\n\n\n<p class=\"has-text-align-center\"><strong>Relevez le d\u00e9fi. Construisez votre avenir. P-EDIVA vous accompagne, pas \u00e0 pas.<\/strong><\/p>\n","protected":false},"excerpt":{"rendered":"<p>Programme \u00e0 Domicile pour l&rsquo;Insertion \u00e0 la Vie Active (P-EDIVA) Transformez Votre Avenir avec P-EDIVA : L\u2019\u00c9ducation Rencontre l\u2019\u00c9mancipation ! Le Programme P-EDIVA, con\u00e7u et pilot\u00e9 par le&nbsp;CIVARE, est bien plus qu\u2019une formation : c\u2019est un tremplin vers une vie active \u00e9panouie et une reconqu\u00eate de votre potentiel. Destin\u00e9 aux jeunes ambitieux, aux adultes en [&hellip;]<\/p>\n","protected":false},"author":1,"featured_media":0,"parent":0,"menu_order":0,"comment_status":"closed","ping_status":"closed","template":"","meta":{"ocean_post_layout":"","ocean_both_sidebars_style":"","ocean_both_sidebars_content_width":0,"ocean_both_sidebars_sidebars_width":0,"ocean_sidebar":"","ocean_second_sidebar":"","ocean_disable_margins":"enable","ocean_add_body_class":"","ocean_shortcode_before_top_bar":"","ocean_shortcode_after_top_bar":"","ocean_shortcode_before_header":"","ocean_shortcode_after_header":"","ocean_has_shortcode":"","ocean_shortcode_after_title":"","ocean_shortcode_before_footer_widgets":"","ocean_shortcode_after_footer_widgets":"","ocean_shortcode_before_footer_bottom":"","ocean_shortcode_after_footer_bottom":"","ocean_display_top_bar":"default","ocean_display_header":"default","ocean_header_style":"","ocean_center_header_left_menu":"","ocean_custom_header_template":"","ocean_custom_logo":0,"ocean_custom_retina_logo":0,"ocean_custom_logo_max_width":0,"ocean_custom_logo_tablet_max_width":0,"ocean_custom_logo_mobile_max_width":0,"ocean_custom_logo_max_height":0,"ocean_custom_logo_tablet_max_height":0,"ocean_custom_logo_mobile_max_height":0,"ocean_header_custom_menu":"","ocean_menu_typo_font_family":"","ocean_menu_typo_font_subset":"","ocean_menu_typo_font_size":0,"ocean_menu_typo_font_size_tablet":0,"ocean_menu_typo_font_size_mobile":0,"ocean_menu_typo_font_size_unit":"px","ocean_menu_typo_font_weight":"","ocean_menu_typo_font_weight_tablet":"","ocean_menu_typo_font_weight_mobile":"","ocean_menu_typo_transform":"","ocean_menu_typo_transform_tablet":"","ocean_menu_typo_transform_mobile":"","ocean_menu_typo_line_height":0,"ocean_menu_typo_line_height_tablet":0,"ocean_menu_typo_line_height_mobile":0,"ocean_menu_typo_line_height_unit":"","ocean_menu_typo_spacing":0,"ocean_menu_typo_spacing_tablet":0,"ocean_menu_typo_spacing_mobile":0,"ocean_menu_typo_spacing_unit":"","ocean_menu_link_color":"","ocean_menu_link_color_hover":"","ocean_menu_link_color_active":"","ocean_menu_link_background":"","ocean_menu_link_hover_background":"","ocean_menu_link_active_background":"","ocean_menu_social_links_bg":"","ocean_menu_social_hover_links_bg":"","ocean_menu_social_links_color":"","ocean_menu_social_hover_links_color":"","ocean_disable_title":"on","ocean_disable_heading":"default","ocean_post_title":"","ocean_post_subheading":"","ocean_post_title_style":"","ocean_post_title_background_color":"","ocean_post_title_background":0,"ocean_post_title_bg_image_position":"","ocean_post_title_bg_image_attachment":"","ocean_post_title_bg_image_repeat":"","ocean_post_title_bg_image_size":"","ocean_post_title_height":0,"ocean_post_title_bg_overlay":0.5,"ocean_post_title_bg_overlay_color":"","ocean_disable_breadcrumbs":"default","ocean_breadcrumbs_color":"","ocean_breadcrumbs_separator_color":"","ocean_breadcrumbs_links_color":"","ocean_breadcrumbs_links_hover_color":"","ocean_display_footer_widgets":"default","ocean_display_footer_bottom":"default","ocean_custom_footer_template":"","omw_enable_modal_window":"enable","footnotes":""},"class_list":["post-2179","page","type-page","status-publish","hentry","entry"],"_links":{"self":[{"href":"https:\/\/www.civare-navigation.com\/index.php\/wp-json\/wp\/v2\/pages\/2179","targetHints":{"allow":["GET"]}}],"collection":[{"href":"https:\/\/www.civare-navigation.com\/index.php\/wp-json\/wp\/v2\/pages"}],"about":[{"href":"https:\/\/www.civare-navigation.com\/index.php\/wp-json\/wp\/v2\/types\/page"}],"author":[{"embeddable":true,"href":"https:\/\/www.civare-navigation.com\/index.php\/wp-json\/wp\/v2\/users\/1"}],"replies":[{"embeddable":true,"href":"https:\/\/www.civare-navigation.com\/index.php\/wp-json\/wp\/v2\/comments?post=2179"}],"version-history":[{"count":23,"href":"https:\/\/www.civare-navigation.com\/index.php\/wp-json\/wp\/v2\/pages\/2179\/revisions"}],"predecessor-version":[{"id":6057,"href":"https:\/\/www.civare-navigation.com\/index.php\/wp-json\/wp\/v2\/pages\/2179\/revisions\/6057"}],"wp:attachment":[{"href":"https:\/\/www.civare-navigation.com\/index.php\/wp-json\/wp\/v2\/media?parent=2179"}],"curies":[{"name":"wp","href":"https:\/\/api.w.org\/{rel}","templated":true}]}}